4*u + 40. Suppose u*h = -5*h + 3614. What is the tens digit of h?
7
Let f = 356 + -49. Suppose 106*j - 107*j + f = 0. What is the tens digit of j?
0
Suppose -3*u = 0, -5*u + 0*u = -2*s - 72. Let x(q) = q**3 + 36*q**2 - 34*q + 40. What is the units digit of x(s)?
4
Let w be 1/(351/(-87) - -4). Let u = 56 + w. Suppose u = 4*s - 37. What is the tens digit of s?
1
Let i(l) = l**3 - 9*l**2 + 2*l - 15. Let g be i(9). Suppose -6*t - 4464 = -g*a - 3*t, -5*t = 5*a - 7410. Suppose a - 54 = 9*w. What is the tens digit of w?
5
Suppose -575 = -3*c + 5*r, 19*c - 571 = 16*c + 4*r. Suppose u = 3*t + 189, -6*u + 5*u + 2*t = -c. What is the hundreds digit of u?
1
Let v = 82755 + -58819. What is the hundreds digit of v?
9
Let n(f) = -f**3 + 7*f**2 + 9*f - 7. Suppose 0 = -r - 4*r + 40. Let o be n(r). What is the units digit of (84/(-4))/(o/(-3))?
3
Suppose -n + 263 - 223 = -2*h, 5*h + 114 = -n. Let g = 71 - 23. Let p = h + g. What is the units digit of p?
6
Suppose -2*y - 3*d + 189 = 0, 5 + 0 = d. Suppose -y*i + 88*i - 590 = 0. What is the tens digit of i?
9
What is the units digit of (-12602168)/(-190) + ((-9)/(-5) - 2)?
7
Let s be (4/6 - 110/(-33))/2. Suppose 3*a - 2*m - 1344 = -5*m, -a + s*m + 445 = 0. What is the units digit of a?
7
Suppose 4*a - 3*j - 31740 = 0, -11693 = 5*a + 3*j - 51368. What is the tens digit of a?
3
Let z(r) = -r**2 - 16*r - 28. Let g be z(-13). Suppose 4*h + 13 = -5*l, -l - g = -6*h + 11*h. What is the units digit of (h/(-3))/(-1) + (-179)/(-3)?
9
Suppose -51*a + 30*a = 0. Let k = 12 - 10. Suppose -5*x + x - 2*y = -724, a = -k*y. What is the hundreds digit of x?
1
Let a be 4 - (11 + -3) - -140. Let s be (2 - a/(-5))/(2/10). Suppose -4*f = 4*t - 8*t + 616, -3*f - s = -t. What is the units digit of t?
8
Suppose 2*l - d - 2704 = 0, 3*d + 3824 = 5*l - 2938. What is the units digit of l/125*5/2?
7
Let s(l) be the first derivative of -l**4/4 + 23*l**3/3 + 17*l**2/2 - 75*l + 30. What is the hundreds digit of s(23)?
3
Suppose -4*d + 74736 = -3918 - 31178. What is the hundreds digit of d?
4
Let k = -1305 + 1886. What is the tens digit of -4 - ((-15)/(-5) - k)?
7
Suppose 1 = 22*b - 21*b. Let a(p) = 17*p + 2 + 33*p + 31*p. What is the units digit of a(b)?
3
Let g(l) = -l**2 - 56*l - 421. Let j be g(-47). Suppose 42*v - 38*v = -j*w + 2440, -3*v + 1816 = -2*w. What is the units digit of v?
8
Suppose -5*k = k + k - 72191. What is the units digit of k?
3
Let x = -262 + 267. Let l(z) = 17*z**2 - 5*z - 19. What is the tens digit of l(x)?
8
Let v(r) = -r + 9. Let b be v(5). Suppose -11*l + 17*l = 12. Suppose 8*n - 3*n - h - 117 = 0, -b*n = l*h - 88. What is the tens digit of n?
2
Suppose -5*z = 3*v + 175, -39 = z + v - 2. Let h = 657 + z. What is the hundreds digit of h?
6
Suppose 6*j = 92*j - 619711 - 1550155. What is the hundreds digit of j?
2
Let i(y) = -y**3 + 16*y**2 + 18*y - 17. Let n(c) = 2*c - 21. Let l be n(19). Let x be i(l). Suppose x = -5*t + 7*t - 212. What is the tens digit of t?
0
Let o = 129 - 121. Let h(g) = 5*g - 38. Let x be h(o). Suppose 5*y + x*s = s + 415, y - 83 = 4*s. What is the tens digit of y?
8
What is the thousands digit of 13582/(-3)*75/(-50)?
6
What is the tens digit of (-1850026)/(-167) + 8 + -1?
8
Suppose -9*x = -x - 64. Suppose -x*b = 4*b - 84. What is the units digit of b?
7
What is the thousands digit of (-2 + 8)*(-16 - (-431200)/60)?
3
Suppose 0 = 73*q - 89098 + 7192. What is the thousands digit of q?
1
Let z(a) = 15*a - 37. Let b be z(3). Suppose -3*r = 15, 5*s - 13*r - 3540 = -b*r. What is the hundreds digit of s?
7
Suppose -32*g + 102 = 6. Suppose 4*j - 6242 = -2*y, 0 = -g*j - 57*y + 61*y + 4654. What is the tens digit of j?
5
Let t(j) = 105*j - 15. Let l(h) = -2*h. Let d(r) = -2*l(r) + t(r). What is the hundreds digit of d(2)?
2
Suppose 0 = 2*c - 7*z + 4*z + 1063, c + 544 = 4*z. Let f = -227 - c. What is the hundreds digit of f?
2
What is the hundreds digit of (-1 + -1)/(3408462/(-486918) + 7)?
0
Suppose 20*x - 24*x - 40 = -5*z, z = -2*x + 8. What is the hundreds digit of (z/6)/((-11)/(-2112)) - 1?
2
Suppose 2*y = -0*y - 8. Let c(f) = -f**3 + 9*f**2 + 7*f - 4. Let u(o) = o**3 - 8*o**2 - 7*o + 3. Let w(h) = y*c(h) - 3*u(h). What is the tens digit of w(13)?
8
Let f = 10114 - -54483. What is the thousands digit of f?
4
Let c = -65583 - -98316. What is the units digit of c?
3
Let y(p) = -2575*p - 369. What is the hundreds digit of y(-4)?
9
Let k(q) = -452*q + 2003. What is the units digit of k(-53)?
9
Suppose -2*v = -k - 11, 3*v - 5*k - 18 = -2*k. Suppose 1359 = 4*r - 5*g, r - 188 - 158 = -v*g. What is the tens digit of r?
4
Suppose -5*h = -56 + 11. Suppose 58 = h*w - 10*w. Let l = w - -156. What is the units digit of l?
8
Let g(j) = -4*j + 1. Let q be g(-1). Suppose 6*x + 22 + 2 = 0. What is the units digit of (1 - -6)*(25/q + x)?
7
Let a = 50598 + -30284. What is the units digit of a?
4
Suppose -147*l + 5542253 + 148117 = 0. What is the hundreds digit of l?
7
Let n(s) = -s**3 + 6*s**2 + 6*s - 15. Let z be n(6). Suppose 18*h = z*h + 3. Let u = h + 22. What is the tens digit of u?
2
Suppose 11*r = 10*r - 32. Let i = 36 + r. Suppose i = 4*q - 32. What is the units digit of q?
9
Let c = 203 + -200. What is the tens digit of -6 + 603 + 1 + c?
0
Let k = 149 - 230. Let l = -9 - k. Let r = l + 142. What is the units digit of r?
4
Let p(j) = 216*j**2 + 151*j - 42. What is the ten thousands digit of p(-16)?
5
Suppose -7*f - 3*a - 20991 = -9*f, -5*f - 3*a = -52425. What is the units digit of f?
8
Let j be 532/(-84) - 1/(9/6). What is the units digit of (19/(-3) - j)*3057/2?
9
Let m(y) = 76*y**2 - y + 12. Suppose -g + 2 - 6 = i, -2*g = -3*i + 8. What is the hundreds digit of m(g)?
2
Let u(a) = 8*a**2 + 56*a - 5184. What is the ten thousands digit of u(46)?
1
Suppose 45 = 4*h - 23. Suppose -2*y - 2*y = -2*j - 50, -y + h = 4*j. Suppose q = y*q - 3204. What is the hundreds digit of q?
2
Suppose 3*f - 2293 = 3*z + 10109, 0 = -5*f + 4*z + 20665. Suppose 1715 = 12*r - f. What is the units digit of r?
7
Let g be (-2)/3 + 4108/(-39). Let w(t) = t**3 - 6*t**2 - 6*t + 3. Let o be w(5). Let j = o - g. What is the tens digit of j?
5
Suppose 4*r = 1937 + 2735. Suppose -2*d + r + 182 = 0. What is the units digit of d?
5
Let a(w) = -7*w**2 - 5*w + 3. Let u be a(3). Let l = -22 - u. Suppose f + l = 2*d, -131 = -6*d + d + 2*f. What is the units digit of d?
5
Let z(c) be the second derivative of -c**4/12 + 7*c**3/6 - 15*c**2 + 16*c. Let x be z(16). What is the tens digit of x*(-4 - -1 - -2)?
7
Let b be (-1508)/(-60) - 12/90. Let m be 480/b - 4/(-5). Let y = 1 + m. What is the units digit of y?
1
Suppose -111*s + 214*s + 63591 = 106*s. What is the thousands digit of s?
1
Let q(b) = b**3 + 19*b**2 - 8*b - 52. Let o be q(-13). Suppose -a + o = 349. What is the hundreds digit of a?
7
Suppose 0 = -25*q + 22*q + 330. Suppose 4*u + 150 = q. What is the tens digit of u/(-3)*(-774)/(-12)?
1
Suppose 83*o - 80*o = 24. Suppose 2 = o*h + 26. What is the tens digit of 137/(-5 + 6) + h?
3
Suppose -7*u = -3*u + 20, 40 = -2*w - 2*u. What is the tens digit of w/(2538/852 + -3)?
1
Let f be (-76)/(-40) - (-5)/50. Suppose -258 = -3*w - 5*j + f*j, -5*j = -4*w + 335. What is the units digit of w?
5
Suppose -4*d = 4*w - 7*w + 2638, -3*d = 3. Let z = w + 46. What is the units digit of z?
4
Suppose 19*n - 8 = -8. Suppose 22*f - 19*f - 4329 = n. What is the tens digit of f?
4
Let a(c) = 2*c**2 - 12*c + 2. Let v be a(9). Suppose -15539 = -v*w + 15*w. What is the tens digit of w?
7
Suppose -5*z - 15 = -5*m, -z + 3 = m - 0*m. Let d be 4*(156/16)/m. What is the tens digit of -3 + d*8 + -3?
9
Suppose -4*h + 4*n = -2*h - 13952, 20904 = 3*h + 2*n. What is the hundreds digit of h?
9
Suppose -8 = -p - 6. Let a(o) = 64*o**3 + 2*o**2 - 3*o + 1. Let q be a(p). Suppose 26*d - 21*d - q = 0. What is the tens digit of d?
0
Suppose -116*v + 113*v = 24. What is the tens digit of (-414)/((-33)/36 + (-2)/v)?
2
Suppose 21*b = 17*b. Suppose -2*s + 8*s - 858 = b. Suppose -s = 7*q - 1305. What is the tens digit of q?
6
Let t(h) = -5*h**2 + 48*h - 13. Let i be t(10). Let m = i + 36. Suppose 7*j - m*j + 3*r = 226, -122 = -2*j + 3*r. What is the tens digit of j?
5
Let z(m) = -m**3 + 6*m**2 + 9*m - 10. Let q be z(7). Suppose -4*p = 2*b - 418, 500 = p + q*p - 5*b. What is the hundreds digit of p